et u be l(-6). What is the greatest common divisor of u and g?
3
Suppose 0 = z - 1, 3*l + 4*z - 40 - 54 = 0. Calculate the highest common divisor of l and 10.
10
Let v = 66 + -41. What is the greatest common factor of 50 and v?
25
Suppose 0 = -3*k + 7*k - 8. Suppose 10 = -2*q, -2*q + 8 = -r - 4*q. What is the highest common divisor of k and r?
2
Let c = -4 - -6. Let h(o) = 9*o. Let n be h(c). Calculate the greatest common divisor of n and 54.
18
Suppose 8*m - 151 = 113. What is the greatest common divisor of m and 363?
33
Let u = -5 + 5. Suppose -n + u = -3. Calculate the greatest common factor of n and 1.
1
Suppose -4*w - 12 = -5*w. Calculate the greatest common divisor of w and 6.
6
Let d(v) = 69*v**2. Let w be d(-1). Let x be (1 - 14/6)/((-52)/1794). Calculate the greatest common divisor of x and w.
23
Let k = 0 - -2. Suppose -3*s + 315 = k*w + w, 3*s - 95 = -w. Calculate the greatest common factor of w and 10.
10
Let o(p) = -p + 8. Let u be o(6). Suppose u*t = 3*t - 28. Let i(w) = -w**2 - 5*w + 3. Let f be i(-4). What is the highest common factor of t and f?
7
Let v(u) = u**2 + 3*u - 6. Let a be v(3). What is the highest common factor of a and 6?
6
Let q(i) be the first derivative of 3*i**2 - 3*i - 5. Let t be q(3). Calculate the greatest common divisor of t and 105.
15
Suppose -16 = -x - 4*u, -u - 18 = -3*x - 3*u. Suppose -5*j = y + x - 12, -3*y + j + 24 = 0. What is the highest common divisor of 8 and y?
8
Let g = -23 + 29. What is the highest common divisor of 48 and g?
6
Let g be 1/2*-1*8. Suppose -s = 0, 0*s - 108 = 4*k + 3*s. Let b = g - k. What is the highest common divisor of 69 and b?
23
Let d(o) = o**2 - 7. Let j be d(6). What is the greatest common factor of j and 290?
29
Let s be 5/((-5)/(-3)) - -6. Let w be (-3)/(-3) + -2 + 7. Calculate the highest common divisor of w and s.
3
Let n = 12 + 114. Let q be (-2)/(111/57 + -2). Suppose q = 2*l + 2. What is the highest common divisor of n and l?
18
Let w(v) = -v**3 + 21*v**2 + 24*v - 20. Let j be w(22). What is the highest common factor of j and 18?
6
Let o = 112 + -62. Let n = 20 + -10. Calculate the highest common divisor of n and o.
10
Let c be (-4)/(-18) + 32/18. Suppose c*a = -4*y - 0*a + 38, -3*y = 5*a - 25. Calculate the highest common divisor of 10 and y.
10
Suppose -68 = 5*l - 208. What is the highest common factor of l and 252?
28
Let r(a) = 4*a + 2. Let b(z) = -3*z. Let m be b(-1). Let t be 21/(-2)*(-2)/m. Let y be r(t). Calculate the highest common factor of y and 45.
15
Suppose -x - 2*x = 3. Let q be x + -3 + 0 - -25. What is the highest common divisor of 14 and q?
7
Let z = -10 + 1. Let u = z + 13. Suppose -4*q = -5*m + 147 + 94, 2*m - u*q = 106. Calculate the highest common divisor of m and 15.
15
Suppose 0 = a - 2*a - 5*j + 12, 4*j = 2*a + 18. Let i be a/(18/3)*-2. Calculate the highest common factor of i and 2.
1
Let k(t) = -t - 1. Let x be k(-6). What is the highest common divisor of x and 2?
1
Let s(b) = b**2 + 20*b + 46. Let c be s(-19). Suppose 5 = 5*y - 5. Suppose -y*a = -0*a - 18. Calculate the greatest common factor of c and a.
9
Suppose 0 = -n + 4 + 7. Calculate the highest common divisor of n and 1.
1
Suppose 3*p - d = 320, 0 = -2*p + d + 210 + 5. What is the greatest common divisor of 15 and p?
15
Let x be (6 - 2) + (4 - 1). Let o be (-90)/x*252/(-27). Suppose -130 - 62 = -4*c. Calculate the greatest common divisor of o and c.
24
Let p(v) = -v**3 + v**2 + 4*v - 1. Let s(q) = 13*q - 2*q + 6 + 0*q + q**2. Let a be s(-10). Let l be p(a). What is the highest common divisor of l and 7?
7
Let o(a) = -a + 22. Let n be o(-5). Calculate the highest common factor of n and 18.
9
Suppose 5*i + 4 = -26. Let m be (3/(-2))/(i/12). Calculate the greatest common divisor of m and 3.
3
Suppose -6*h + 2*h + 2*s - 12 = 0, 4*s = 5*h + 18. Let o be -3 + (19 - 2/h). Let b = -144 - -263. Calculate the highest common factor of b and o.
17
Suppose 5*p = 5*l - 385, -3*l = -p + 2*p - 219. What is the greatest common divisor of l and 185?
37
Let l(p) = 97*p - 1. Let q be l(1). What is the highest common factor of 24 and q?
24
Suppose 0 = 4*j + 43 - 195. Calculate the highest common factor of j and 19.
19
Let b be ((-4)/5)/((-2)/10). Suppose -5*q - 10 = 0, -n + 50 = 3*n - q. Let d be 8*(2 - n/16). Calculate the highest common divisor of b and d.
2
Let p(j) = 252*j**2 + 1. Let t be p(1). What is the highest common divisor of t and 23?
23
Let q(j) = j - 2. Let v be q(6). Suppose -w = -v*g + 6, -3*w + 4 = -2*g + 2. Suppose 0 = d - w*d + 25. What is the highest common factor of d and 10?
5
Let j(l) = 4*l**2 + l - 8. Let b be j(2). What is the greatest common divisor of 50 and b?
10
Let a(p) = 40*p + 8. Let q(s) = -1. Let y(i) = a(i) + 8*q(i). Let m be y(1). Calculate the highest common factor of m and 10.
10
Let i(t) = -t**3 + 6*t**2 - 3*t - 2. Let r be i(3). Suppose -15*f + 17*f = r. What is the highest common factor of f and 8?
8
Let v be (-11 - -15)*(50 + 0 + 0). Calculate the highest common factor of v and 25.
25
Let o be 44/10 - (-10)/(-25). Let u = 8 - 6. What is the highest common factor of o and u?
2
Suppose 0*t = -2*t. Let v be -127*((-1 - t) + 2). Let b = -79 - v. Calculate the highest common factor of 6 and b.
6
Suppose -q + 45 = 2*q. Suppose 0 = 3*n + 2*n. Suppose n = 4*g - 3*g - 15. Calculate the greatest common factor of g and q.
15
Suppose s + 4 = 45. Suppose 2*k - s = -0*d - d, -4*k + d + 67 = 0. Suppose -4*q = -83 + 35. Calculate the greatest common factor of k and q.
6
Let j(q) = 3*q**2 - 3*q + 1. Suppose -3*i - 4 = -5*i. Let f be j(i). Calculate the highest common factor of 77 and f.
7
Let b = 6 + -2. Suppose 3*j - b*i = 2*j + 38, 5*i + 115 = 5*j. Let n = j - 7. Calculate the highest common divisor of n and 11.
11
Let x be (-59)/(-3) + (-2)/(-6). Let p = x + 7. Let a = -7 + 10. What is the highest common factor of a and p?
3
Suppose 3*d - 25 = 26. Let z be (-2)/12 + (-206)/(-12). Calculate the highest common divisor of d and z.
17
Let u be 1 + 6 - (-2 - 1). Let q = 73 - u. Calculate the greatest common factor of q and 9.
9
Suppose 4*k - 5*m = 285, 2*k + 265 = 6*k - m. Suppose -3*o + 16 + 62 = 0. Calculate the highest common divisor of k and o.
13
Let y(i) = i**3 + 6*i**2 + 2*i - 7. Let j be y(-5). Let w(k) = k + 6. Let f be w(-4). Let v be -4*f/j*-1. Calculate the greatest common divisor of 1 and v.
1
Let h = -6 - -13. Suppose -v + h = 3*g - g, 0 = -5*v + 5*g - 10. Calculate the greatest common divisor of v and 7.
1
Let k be 4*((-21)/(-12) + -1). Let p(w) = 5*w**2 + 3*w - 6. Let d be p(k). What is the greatest common divisor of 12 and d?
12
Suppose 0 = -3*j + s - 52 + 130, 5*s - 26 = -j. Calculate the highest common factor of j and 104.
26
Suppose 2*z + 0*r - 28 = r, -2*z - 4*r + 8 = 0. Let n = -562 - -568. Calculate the greatest common factor of z and n.
6
Suppose -20 = -3*p + 5*z - 1, -4*p + z = 3. Let y be p/(-2)*-1*-5. Calculate the greatest common divisor of 25 and y.
5
Let w = 34 - 16. Let q be (-80)/12*w/4. Let v be (52/(-3))/(20/q). Calculate the greatest common divisor of 65 and v.
13
Let z be (-2 - 78)*(-15)/10. Let i = z + -68. Calculate the greatest common divisor of i and 78.
26
Let b = 1 - -37. Suppose -62 - b = -5*t. What is the highest common divisor of 5 and t?
5
Let l be 45/(-6)*(-2 + -2). Let o = -14 + l. Calculate the highest common factor of 176 and o.
16
Suppose -2*l + 2*d = -200, -l + 169 = 3*d + 53. Suppose -y - 56 = -4*p, 4*p - 2*y - 48 = -3*y. What is the greatest common factor of p and l?
13
Let h(a) = -a**2 - 19*a + 47. Let u be h(-21). Suppose 2*w = -w + 165. Calculate the highest common factor of u and w.
5
Let o = 75 - 122. Let q = 71 + o. Calculate the highest common divisor of 6 and q.
6
Suppose 0 = 5*s - 5. Let w be -1*((-18)/s + 1). Calculate the greatest common factor of 136 and w.
17
Suppose -4*k = -2*k - 4*z - 38, 3*z = -3*k + 93. What is the highest common factor of k and 243?
27
Let p be 2*-2 + (-440)/(-2). What is the greatest common divisor of p and 24?
24
Let g(w) = w**2 + 2*w - 75. Let c be g(-12). Calculate the highest common factor of c and 36.
9
Let a = -52 + 100. Let p = 3 - -3. Calculate the highest common divisor of a and p.
6
Suppose 0*l - 184 = -2*i - 2*l, 4*l + 82 = i. What is the greatest common divisor of 36 and 